, 79
What are the prime factors of 1970?
2, 5, 197
What are the prime factors of 12053?
17, 709
List the prime factors of 29178.
2, 3, 1621
What are the prime factors of 15873?
3, 11, 13, 37
List the prime factors of 23276.
2, 11, 23
What are the prime factors of 135147?
3, 19, 2371
What are the prime factors of 6604?
2, 13, 127
List the prime factors of 14768.
2, 13, 71
List the prime factors of 6749.
17, 397
What are the prime factors of 37153?
53, 701
What are the prime factors of 449?
449
List the prime factors of 811.
811
List the prime factors of 42995.
5, 8599
List the prime factors of 7502.
2, 11, 31
List the prime factors of 13718.
2, 19
List the prime factors of 954.
2, 3, 53
List the prime factors of 16113.
3, 41, 131
What are the prime factors of 12604?
2, 23, 137
List the prime factors of 195.
3, 5, 13
What are the prime factors of 6295?
5, 1259
List the prime factors of 585.
3, 5, 13
List the prime factors of 3925.
5, 157
What are the prime factors of 24787?
7, 3541
List the prime factors of 76101.
3, 25367
What are the prime factors of 621?
3, 23
List the prime factors of 39605.
5, 89
What are the prime factors of 60462?
2, 3, 3359
List the prime factors of 4804.
2, 1201
What are the prime factors of 4767?
3, 7, 227
What are the prime factors of 4612?
2, 1153
List the prime factors of 18153.
3, 2017
List the prime factors of 18764.
2, 4691
What are the prime factors of 32128?
2, 251
List the prime factors of 758.
2, 379
What are the prime factors of 9445?
5, 1889
What are the prime factors of 24910?
2, 5, 47, 53
List the prime factors of 42305.
5, 8461
What are the prime factors of 609?
3, 7, 29
List the prime factors of 9754.
2, 4877
What are the prime factors of 1165?
5, 233
What are the prime factors of 368?
2, 23
What are the prime factors of 352?
2, 11
What are the prime factors of 74079?
3, 8231
What are the prime factors of 2068?
2, 11, 47
List the prime factors of 102830.
2, 5, 7, 13, 113
What are the prime factors of 157294?
2, 31, 43, 59
List the prime factors of 29650.
2, 5, 593
What are the prime factors of 874?
2, 19, 23
What are the prime factors of 32935?
5, 7, 941
List the prime factors of 65856.
2, 3, 7
What are the prime factors of 145676?
2, 79, 461
List the prime factors of 68.
2, 17
List the prime factors of 9204.
2, 3, 13, 59
List the prime factors of 742.
2, 7, 53
List the prime factors of 37481.
37, 1013
List the prime factors of 12576.
2, 3, 131
List the prime factors of 628.
2, 157
List the prime factors of 7193.
7193
List the prime factors of 5945.
5, 29, 41
What are the prime factors of 7283?
7283
List the prime factors of 6483.
3, 2161
List the prime factors of 12003.
3, 4001
What are the prime factors of 10383?
3, 3461
What are the prime factors of 146?
2, 73
What are the prime factors of 2055?
3, 5, 137
What are the prime factors of 3606?
2, 3, 601
What are the prime factors of 38262?
2, 3, 7, 911
List the prime factors of 1689.
3, 563
What are the prime factors of 9557?
19, 503
List the prime factors of 9964.
2, 47, 53
List the prime factors of 101806.
2, 109, 467
List the prime factors of 19492.
2, 11, 443
What are the prime factors of 171?
3, 19
List the prime factors of 850.
2, 5, 17
What are the prime factors of 212?
2, 53
What are the prime factors of 377?
13, 29
List the prime factors of 6017.
11, 547
What are the prime factors of 763?
7, 109
What are the prime factors of 26841?
3, 23, 389
What are the prime factors of 5495?
5, 7, 157
What are the prime factors of 278?
2, 139
List the prime factors of 808.
2, 101
List the prime factors of 21278.
2, 10639
What are the prime factors of 69315?
3, 5, 4621
List the prime factors of 777.
3, 7, 37
List the prime factors of 1405.
5, 281
What are the prime factors of 1578?
2, 3, 263
List the prime factors of 13052.
2, 13, 251
List the prime factors of 6111.
3, 7, 97
What are the prime factors of 1150?
2, 5, 23
List the prime factors of 777.
3, 7, 37
What are the prime factors of 28631?
28631
What are the prime factors of 28616?
2, 7, 73
List the prime factors of 2978.
2, 1489
What are the prime factors of 1058?
2, 23
What are the prime factors of 13706?
2, 7, 11, 89
List the prime factors of 11214.
2, 3, 7, 89
List the prime factors of 9565.
5, 1913
List the prime factors of 699.
3, 233
What are the prime factors of 2879?
2879
What are the prime factors of 58513?
7, 13, 643
List the prime factors of 9960.
2, 3, 5, 83
What are the prime factors of 6684?
2, 3, 557
List the prime factors of 40111.
40111
List the prime factors of 138.
2, 3, 23
What are the prime factors of 17482?
2, 8741
What are the prime factors of 485?
5, 97
What are the prime factors of 1031?
1031
List the prime factors of 14864.
2, 929
List the prime factors of 90027.
3, 7, 1429
List the prime factors of 2545.
5, 509
List the prime factors of 2.
2
What are the prime factors of 23237?
19, 1223
List the prime factors of 24187.
19, 67
List the prime factors of 2662.
2, 11
List the prime factors of 2665.
5, 13, 41
What are the prime factors of 51138?
2, 3, 947
What are the prime factors of 5396?
2, 19, 71
List the prime factors of 4304.
2, 269
What are the prime factors of 3561?
3, 1187
What are the prime factors of 698?
2, 349
What are the prime factors of 212?
2, 53
List the prime factors of 91979.
19, 47, 103
List the prime factors of 2237.
2237
List the prime factors of 6226.
2, 11, 283
List the prime factors of 1036.
2, 7, 37
List the prime factors of 5729.
17, 337
What are the prime factors of 1253?
7, 179
List the prime factors of 39311.
19, 2069
What are the prime factors of 2560?
2, 5
List the prime factors of 3532.
2, 883
What are the prime factors of 24251?
24251
What are the prime factors of 11489?
11489
What are the prime factors of 3651?
3, 1217
List the prime factors of 302.
2, 151
List the prime factors of 2005.
5, 401
What are the prime factors of 85058?
2, 71, 599
What are the prime factors of 215?
5, 43
List the prime factors of 362.
2, 181
What are the prime factors of 29327?
29327
List the prime factors of 1667.
1667
List the prime factors of 1042.
2, 521
List the prime factors of 6.
2, 3
What are the prime factors of 4102?
2, 7, 293
List the prime factors of 10466.
2, 5233
What are the prime factors of 23738?
2, 11, 13, 83
List the prime factors of 50966.
2, 17, 1499
What are the prime factors of 3689?
7, 17, 31
List the prime factors of 42221.
42221
List the prime factors of 1301.
1301
What are the prime factors of 833?
7, 17
List the prime factors of 5168.
2, 17, 19
What are the prime factors of 14147?
7, 43, 47
List the prime factors of 99893.
191, 523
What are the prime factors of 1663?
1663
What are the prime factors of 34182?
2, 3, 211
List the prime factors of 2445.
3, 5, 163
List the prime factors of 4722.
2, 3, 787
What are the prime factors of 57104?
2, 43, 83
What are the prime factors of 8928?
2, 3, 31
List the prime factors of 1185.
3, 5, 79
List the prime factors of 11493.
3, 1277
What are the prime factors of 304?
2, 19
What are the prime factors of 27404?
2, 13, 17, 31
What are the prime factors of 16707?
3, 5569
What are the prime factors of 608?
2, 19
List the prime factors of 23759.
23, 1033
List the prime factors of 3413.
3413
What are the prime factors of 847?
7, 11
What are the prime factors of 10502?
2, 59, 89
List the prime factors of 826.
2, 7, 59
List the prime factors of 1231.
1231
What are the prime factors of 65?
5, 13
List the prime factors of 6657.
3, 7, 317
List the prime factors of 35970.
2, 3, 5, 11, 109
What are the prime factors of 2574?
2, 3, 11, 13
List the prime factors of 1268.
2, 317
What are the prime factors of 4262?
2, 2131
What are the prime factors of 1553?
1553
List the prime factors of 2633.
2633
List the prime factors of 458.
2, 229
What are the prime factors of 8148?
2, 3, 7, 97
What are the prime factors of 14450?
2, 5, 17
What are the prime factors of 17556?
2, 3, 7, 11, 19
What are the prime factors of 28?
2, 7
What are the prime factors of 4164?
2, 3, 347
What are the prime factors of 19063?
11, 1733
List the prime factors of 461.
461
List the prime factors of 6155.
5, 1231
What are the prime factors of 142328?
2, 17791
List the prime factors of 533.
13, 41
What are the prime factors of 9638?
2, 61, 79
What